late g(q).
12
Let w(u) = 4*u**2 + u. Let o(v) = -v**2 + 290 + 2*v**2 - 290. Let f(g) = -5*o(g) + w(g). Determine f(2).
-2
Let u(v) be the second derivative of -13*v**4/12 - 4*v**3 - v**2/2 + 76*v - 7. What is u(-2)?
-5
Let n(r) be the first derivative of r**3/3 + 9*r**2/2 + 3*r - 582. Let a = 0 + -4. Calculate n(a).
-17
Let k(y) = -1 + 1 + 2 - y. Let z = -616 + 618. Suppose 2*q = -z*c - 22, 17*q - 5 = 20*q - 4*c. What is k(q)?
9
Let v(m) = -466 + 1372 - 466 - m - 461. What is v(-22)?
1
Let u(l) = -267*l + 90*l - 332 + 97*l + 92*l. What is u(28)?
4
Let k(c) be the third derivative of -c**4/24 + 3*c**3/2 + c**2 + 17*c - 9. Calculate k(14).
-5
Let f(p) = -108*p + 10. Let r(d) = 77*d - 6. Let s(x) = 5*f(x) + 7*r(x). Give s(4).
4
Let p(d) = -20. Let s(v) = 2*v - 174. Let c(n) = -6*p(n) + s(n). What is c(20)?
-14
Suppose 2*o - 3*b = 3, -2*o - 1 = o + b. Let w(z) = -z + 41*z**2 + 0*z + 2*z - 42*z**2 - 8. Give w(o).
-8
Let k(d) = d**3 + 6*d - 15*d - 3*d**2 + 7*d - 4. Calculate k(3).
-10
Suppose -273*w + 42 = -266*w. Let y(g) be the first derivative of g**3/3 - 9*g**2/2 + 11*g + 1. Let x be y(w). Let a(c) = -c**2 - 7*c - 1. Give a(x).
-1
Let a(w) = 2*w**3 - 4*w**2 + 11*w - 21. Suppose 2*u = -3*m - 9, -4513*m + 4508*m + 33 = -2*u. Calculate a(m).
30
Let x(w) be the third derivative of w**5/15 - w**4/6 - 2*w**3 + w**2 + 45*w. What is x(4)?
36
Let g(q) be the first derivative of 2*q**2 - 5*q - 97. Let b(j) = -17*j + 21. Let u(m) = -3*m + 3. Let d be u(3). Let i(l) = d*b(l) - 26*g(l). Give i(-3).
10
Let w(j) = j**3 - 2*j**2 - 2*j + 2. Suppose -5*r - 2 - 3 = 0, -89 = 3*c + 5*r. Let g = -27 - c. Let z be (-12)/(g + 3)*-1. What is w(z)?
5
Suppose -3*r + 8*z - 11*z = -81, 0 = -3*r - 2*z + 83. Let w(n) = 10 - n**3 - 14 - r*n**2 + 3*n + 16*n**2 + 9*n**2. Determine w(-4).
-16
Let p(j) = 37 + 1056*j - 1060*j - 7. Give p(6).
6
Let m(c) be the second derivative of 1/2*c**3 + 9*c + 9 + 1/12*c**4 - 2*c**2. What is m(-4)?
0
Suppose -8 = 3*a - 4*s, 20 = 5*a + 4*s - 20. Suppose n = -h - 11, -3*n - 27 - 12 = a*h. Let k(l) = -16*l + 4 + 44*l + 5 - 10*l - 16*l. Give k(h).
-3
Let f(v) be the first derivative of 3*v**4/8 - v**3/6 - 241*v**2/2 + 148. Let r(g) be the second derivative of f(g). What is r(-3)?
-28
Let t(h) = 4*h. Let v(q) = 5*q. Let w = 97 + -95. Suppose -w*p - 3*y = 2*p - 20, -5*p = -4*y - 25. Let l(u) = p*v(u) - 6*t(u). Determine l(-1).
-1
Let y(v) = 4*v + 7*v - 5*v + 923 - 1842 + 895. Calculate y(-8).
-72
Suppose 5*o + 33*j - 6 = 31*j, -2*o + 18 = -7*j. Let k(b) = 3*b**2 - 9*b + 2. What is k(o)?
-4
Let x be (5 + (17 - 0))*1/(-2). Let t(u) be the first derivative of -u**2/2 - 22*u + 116. Calculate t(x).
-11
Let m(v) be the third derivative of -31*v**4/24 - 4*v**3 - 190*v**2 + 9*v - 2. Give m(0).
-24
Let m(u) = -17*u + 187. Let n(f) = f - 46. Let w(b) = m(b) + 6*n(b). Calculate w(-7).
-12
Let z(x) be the third derivative of x**6/4 + x**5/60 - x**3/6 - 13*x**2. Suppose 2*l - 4*p = -14, -3*l - 3*p = -2*p - 7. Determine z(l).
30
Let x(s) = -14*s - 1. Let u = -86 + 69. Let m = u - -16. Let d be 10/(-5) + 1*m/(-1). Give x(d).
13
Let w(i) be the first derivative of i**2/2 + 3*i - 1. Suppose 0 = 16*o - 11*o - 105. Suppose -3*j = -4*n - o, -4*j + 8 + 19 = -5*n. Determine w(j).
6
Let g(z) = 14*z**2 + 3*z - 34. Let u(s) = 5*s**2 + s - 7. Let o(a) = 1. Let t(l) = -5*o(l) + u(l). Let h(j) = -4*g(j) + 11*t(j). Determine h(-5).
-16
Suppose -7*s + 655 - 585 = 0. Let u(x) = 2*x**2 - 23*x + 20. Let v be u(s). Let d(c) be the third derivative of -c**4/24 - 3*c**3/2 - 2*c**2. Calculate d(v).
1
Let o(n) = 2*n**2 - 36*n - 1. Let f(r) = 3*r**3 - 12*r**2 + 29*r - 16. Let w be f(2). Calculate o(w).
-1
Let a(z) = -z**2 + 4*z. Let v be a(3). Suppose 1 = v*g - 5. Let k(b) = 569 - 3798*b + 4*b**2 + 3802*b - 572. Determine k(g).
21
Let g(f) = 204*f - 479*f + 232*f - 145. Calculate g(-3).
-16
Let r = -4 - 0. Let h(u) be the second derivative of u**3/6 + 3*u**2/2 - 1708*u + 2. Calculate h(r).
-1
Let u(p) = -p**3 + 309 - 5*p - 619 + 38*p**2 + 306 - 44*p**2. Determine u(-5).
-4
Let c(l) be the second derivative of -l**7/840 + l**6/72 - 5*l**4/24 - 5*l**3 - 3*l + 13. Let x(f) be the second derivative of c(f). Calculate x(4).
11
Let n be (-171)/21 - (-36)/(-126)*(-2)/4. Let p(k) = -3*k**2 - 35*k - 87. Calculate p(n).
1
Let r(y) = -9*y**3 - 22*y**2 - 3*y + 919 - 18*y - 923 + 8*y**3. Calculate r(-21).
-4
Let n(t) = 2*t**2 - 28*t - 156. Let o be n(19). Let y(a) = 6*a + o*a - 4 + a**2 - 37*a. What is y(4)?
24
Let d(c) = 320*c + 58 - 593*c + 292*c + 16*c**2 - 2 + c**3. What is d(-15)?
-4
Let o(z) = z**3 + z**2 + z + 2. Let g be 10 + (20/8)/(-5)*0. Let t be g*(-1)/4*-6. Let l be (t - 15)*(-2)/6. What is o(l)?
2
Let n be 1*-1*(2400/3)/5. Let s = n + 165. Let u(g) = -g**2 + 6*g - 7. Calculate u(s).
-2
Let v(z) be the third derivative of -1/12*z**4 + 10 + 5/6*z**3 - 2*z**2 + 0*z - 1/10*z**5 - 1/120*z**6. Suppose -2*r = -r + 6. Determine v(r).
17
Let c(a) = 5*a**2 - 7*a - 15*a**2 - 7*a**2 + 7*a**2 + 5 + 8*a**2. Determine c(0).
5
Let t(s) = s**3 + 4*s**2 + 11*s + 45. Let n(i) = 4*i**3 + 16*i**2 + 47*i + 180. Let j(d) = 2*n(d) - 9*t(d). Determine j(-5).
5
Let u(n) = 9*n**2 - 50*n - 10. Let j(l) = -10*l**2 + 54*l + 11. Let i(x) = -5*j(x) - 6*u(x). Give i(8).
-11
Let w(a) = -a**3 - 6*a**2 - 7*a - 19. Let u be w(-5). Let k(x) = x + 28. What is k(u)?
19
Suppose -51*r = 149 + 55. Let f(n) = n**2 + 17*n + 52. What is f(r)?
0
Let c(n) be the second derivative of 4*n**3/3 + 133*n**2/2 - 808*n. Calculate c(-17).
-3
Let z(b) = 2*b**3 - b**2 + 2*b + 1. Let w(g) = -27*g**3 + 22*g**2 - 19*g - 8. Let m(y) = w(y) + 14*z(y). Determine m(-6).
24
Let q(c) = c**3 - c**2 + c - 6. Suppose -462*u + 70 = -876*u + 449*u. Determine q(u).
0
Let i(w) = w**3 + 30*w**2 + 8*w + 11. Let k(c) = -2*c**3 - 68*c**2 - 16*c - 23. Let g(v) = 9*i(v) + 4*k(v). Determine g(0).
7
Let j be 10 + (18/2)/3. Let n = j - 8. Let l(m) = -42*m + 87*m - 2*m**2 - m**3 - n - 42*m. Give l(-4).
15
Let u(x) = 4*x - 1. Suppose 3*l - 54 + 6 = -3*h, -4*l + 84 = -h. Let k(o) = -2*o - 33 - l + 34. Let t be k(-9). Give u(t).
-5
Let r(o) = 8*o + 52. Let c(k) = -8*k - 34. Let p(t) = -3*c(t) - 2*r(t). Give p(6).
46
Let y(q) be the third derivative of q**6/24 + q**5/30 - q**4/4 - 3*q**3/2 + 837*q**2. Determine y(-2).
-29
Let c be (-4)/(-2 - 24/(-9)). Let j = 239 - 236. Let m(a) = -24*a**2 + 60 + 8*a + j*a**3 - 54 - 2*a**3 + 0*a**3 + 31*a**2. Calculate m(c).
-6
Let z(d) = 7*d**2 + 67*d + 153. Let k(s) = 2*s**2 + 5*s + 1. Let u(q) = 3*k(q) - z(q). Give u(-49).
-3
Suppose 0 = -5*z - 5*f - 3 + 43, -5*z - 4*f = -37. Let h(g) = -12*g + 2 - 110*g + g**3 - 5*g**2 + 119*g. Determine h(z).
-13
Suppose -7*c + 0*c - 518 = 0. Let w = 77 + c. Let x(j) = -j**2 + 5*j - 2. What is x(w)?
4
Let x = 109 - 109. Suppose -5*c = 20, x*z + 4*z + 4*c + 48 = 0. Let k(f) = f + 11. Calculate k(z).
3
Let n(h) = -31*h - 4. Let d be (600/(-1155))/(-10)*11*7/(-2). What is n(d)?
58
Let z(s) = s**3 - 4*s**2 + 2*s - 1. Let b = 222 - 250. Suppose 108 = 4*q + 4*c, 0 = -0*q + q - 5*c - 57. Let o = b + q. Calculate z(o).
7
Let a(q) = 5*q**3 - 10*q**2 + 9*q - 3. Let h be a(4). Let b = h + -192. Let u(s) = 5*s**2 + 2*s - 1. Calculate u(b).
6
Let z be 9 + ((-352)/56 - 4/(-14)). Let q(h) = -3*h**3 + 5*h**2 - 2*h - 4. Calculate q(z).
-46
Let s(y) be the third derivative of -y**7/5040 - y**6/144 - y**5/20 + 19*y**4/24 + 77*y**2. Let d(j) be the third derivative of s(j). Give d(3).
-8
Let u(i) = i**2 + 3*i + 1. Let f(x) = 19*x - 40*x + 18 + 20*x. Let d be f(15). Determine u(d).
19
Let v(u) = 2*u - 16. Let m(o) = -2*o**3 + 2*o**3 + o**3 - 261 + 128 + 2*o + 16*o**2 + 175. Let n be m(-16). Determine v(n).
4
Let a(m) be the first derivative of -m**2/2 - 9*m - 1. Let u(l) = 16*l**3 + 2*l**2 - 5*l + 7. Let t be u(2). Let r = -139 + t. Calculate a(r).
-3
Let p(h) = h**2 - 7*h. Let r(i) = -841*i + 834*i + 6 - 26. Let c be r(-5). Suppose 20*d - c*d = 40. Determine p(d).
8
Let f(b) = -12*b - 2. Let d be f(-2). Let j(h) be the second derivative of -h**5/20 + 7*h**4/4 + 7*h**3/2 + 13*h**2 + 11*h + 14. Give j(d).
4
Let g(h) = 47*h - 1. Suppose -47*i = 150*i + 394. Give g(i).
-95
Suppose -2*z + 24 = z. Let q(d) = 9*d**3 - 12*d**2 - 4*d + 18. Let b(i) = -20*i**3 + 25*i**2 + 9*i - 39. Let y(u) = 4*b(u) + 9*q(u). Give y(z).
6
Let q